d 132681?
141
What is the highest common divisor of 24684 and 102?
102
Calculate the greatest common factor of 288 and 111264.
96
What is the greatest common divisor of 3680 and 15778?
46
What is the highest common divisor of 222 and 962?
74
Calculate the highest common divisor of 335 and 1265965.
335
What is the highest common divisor of 962252 and 436?
436
Calculate the highest common divisor of 64288 and 1722.
574
What is the highest common divisor of 1736 and 23498?
62
What is the highest common factor of 19250 and 80?
10
Calculate the greatest common factor of 57 and 5676820.
19
What is the greatest common factor of 79 and 37?
1
Calculate the highest common factor of 17809 and 561.
11
Calculate the highest common factor of 1120 and 6335.
35
What is the highest common divisor of 1194 and 38424?
6
Calculate the greatest common divisor of 12118053 and 309.
309
Calculate the highest common divisor of 30 and 4068330.
30
Calculate the highest common factor of 144 and 1944.
72
Calculate the greatest common factor of 5368 and 4819.
61
What is the highest common divisor of 224759 and 2?
1
Calculate the greatest common divisor of 23 and 167693.
23
Calculate the highest common divisor of 47 and 15957.
1
What is the greatest common factor of 8096 and 148?
4
What is the highest common factor of 2943368 and 1552?
776
Calculate the highest common divisor of 6265 and 315.
35
Calculate the highest common divisor of 142908 and 15.
3
What is the greatest common divisor of 492 and 9553?
41
What is the greatest common factor of 81467 and 123?
41
Calculate the greatest common divisor of 4215 and 75.
15
Calculate the highest common factor of 5336 and 736.
184
Calculate the greatest common divisor of 2763 and 1797.
3
What is the highest common factor of 311212 and 572?
44
What is the highest common divisor of 156 and 17112?
12
What is the highest common factor of 199704 and 795?
159
What is the highest common divisor of 207435 and 15?
15
Calculate the highest common factor of 39249 and 1176.
147
Calculate the highest common divisor of 242 and 2695.
11
What is the greatest common factor of 30751 and 23?
23
What is the greatest common divisor of 286155 and 30?
15
Calculate the highest common divisor of 200 and 111575.
25
Calculate the highest common factor of 42 and 157598.
14
What is the highest common divisor of 2029170 and 117?
39
Calculate the greatest common divisor of 121 and 438867.
121
Calculate the greatest common divisor of 576 and 72081.
9
What is the highest common factor of 61434 and 27?
9
What is the greatest common factor of 64 and 6248?
8
Calculate the greatest common factor of 3105 and 9081.
9
Calculate the greatest common factor of 25926 and 1192.
298
Calculate the greatest common divisor of 540 and 6453.
27
What is the highest common divisor of 2798250 and 30?
30
What is the greatest common divisor of 144474 and 21054?
726
What is the greatest common divisor of 214841 and 2?
1
What is the highest common divisor of 198624 and 384?
96
What is the highest common divisor of 1372 and 71834?
98
Calculate the greatest common divisor of 5405 and 168495.
235
What is the highest common divisor of 1527319 and 577?
577
Calculate the greatest common divisor of 3723 and 2190.
219
What is the highest common divisor of 364 and 3892?
28
What is the greatest common divisor of 2162322 and 162?
54
Calculate the greatest common factor of 98417 and 1167.
389
Calculate the highest common divisor of 46761 and 26.
13
What is the greatest common divisor of 710 and 87685?
355
Calculate the greatest common factor of 6029 and 45.
1
What is the highest common divisor of 1011402 and 46?
46
What is the highest common factor of 19095 and 3375?
15
Calculate the greatest common divisor of 3727253 and 1172.
293
Calculate the greatest common divisor of 390 and 867230.
130
Calculate the greatest common divisor of 152478 and 430.
86
Calculate the greatest common divisor of 17416 and 168.
56
Calculate the greatest common factor of 6960 and 100.
20
Calculate the highest common factor of 492 and 150880.
164
Calculate the greatest common factor of 90387 and 484.
121
Calculate the greatest common factor of 26919 and 228313.
997
Calculate the highest common divisor of 1544070 and 110.
110
Calculate the highest common divisor of 128 and 79312.
16
Calculate the greatest common factor of 9558 and 19521.
81
What is the highest common factor of 150 and 526650?
150
Calculate the greatest common factor of 87530 and 40.
10
Calculate the greatest common factor of 6426 and 1974.
42
Calculate the greatest common factor of 125535 and 15.
15
Calculate the greatest common factor of 410 and 1775.
5
Calculate the highest common factor of 1190 and 334985.
595
Calculate the greatest common factor of 468 and 32580.
36
What is the greatest common divisor of 798 and 9114?
42
What is the highest common divisor of 275530 and 1770?
590
Calculate the highest common factor of 1710 and 18240.
570
Calculate the highest common divisor of 887535 and 5705.
815
What is the highest common factor of 7548 and 204?
204
Calculate the greatest common factor of 29895 and 15.
15
What is the highest common factor of 52 and 424749?
13
Calculate the highest common factor of 40827 and 217.
31
Calculate the greatest common factor of 306 and 936.
18
Calculate the highest common factor of 232813 and 553.
553
Calculate the highest common factor of 79175 and 175.
25
What is the greatest common factor of 10 and 66680?
10
What is the greatest common divisor of 5 and 103423?
1
What is the greatest common divisor of 288342 and 1162?
166
What is the greatest common factor of 140 and 191150?
10
Calculate the highest common divisor of 30380 and 180.
20
What is the greatest common divisor of 750484 and 7?
7
Calculate the highest common divisor of 375 and 10305.
15
Calculate the highest common divisor of 3310 and 1197558.
662
What is the highest common divisor of 28 and 1018990?
14
What is the greatest common factor of 155 and 41912?
31
Calculate the highest common divisor of 38216 and 544.
136
Calculate the highest common divisor of 298 and 175969.
149
Calculate the highest common divisor of 116253 and 225.
9
Calculate the greatest common divisor of 71875 and 23.
23
What is the greatest common divisor of 7768810 and 86?
86
Calculate the greatest common divisor of 281824 and 112.
16
What is the greatest common factor of 93195 and 1045?
95
Calculate the highest common divisor of 7993545 and 420.
105
What is the greatest common divisor of 32 and 159904?
32
Calculate the greatest common divisor of 20 and 63620.
20
What is the greatest common factor of 21 and 2623047?
21
Calculate the highest common factor of 892228 and 102.
34
Calculate the highest common divisor of 10 and 771930.
10
Calculate the highest common divisor of 67344 and 216.
24
Calculate the greatest common divisor of 5835 and 45.
15
What is the greatest common divisor of 1110 and 105330?
30
Calculate the greatest common factor of 491390 and 10.
10
What is the greatest common factor of 3033 and 12469?
337
What is the highest common factor of 281 and 113524?
281
What is the highest common factor of 36 and 550359?
9
What is the greatest common divisor of 527085 and 459?
153
Calculate the highest common divisor of 5442125 and 2210.
1105
What is the highest common divisor of 57030 and 2130?
30
Calculate the greatest common divisor of 490850 and 175.
25
Calculate the highest common factor of 6039 and 61875.
99
Calculate the highest common divisor of 40132 and 75184.
508
Calculate the greatest common factor of 7 and 685.
1
Calculate the greatest common factor of 744 and 12152.
248
Calculate the greatest common divisor of 33204 and 12.
12
Calculate the highest common factor of 1782 and 88.
22
Calculate the highest common divisor of 54307 and 33.
11
What is the greatest common factor of 8344 and 6216?
56
What is the highest common divisor of 1050 and 1303750?
350
Calculate the highest common factor of 36894 and 3913.
559
What is the greatest common factor of 2408 and 56?
56
Calculate the greatest common divisor of 64 and 6340768.
32
Calculate the greatest common divisor of 960 and 2610.
30
What is the highest common divisor of 31824 and 130?
26
Calculate the highest common divisor of 64146